{"id":493,"date":"2020-01-25T15:34:18","date_gmt":"2020-01-25T15:34:18","guid":{"rendered":"http:\/\/spannweite-kirchheim.de\/?page_id=493"},"modified":"2020-01-28T15:24:23","modified_gmt":"2020-01-28T15:24:23","slug":"orthopaedie","status":"publish","type":"page","link":"https:\/\/spannweite-kirchheim.de\/?page_id=493","title":{"rendered":"Orthop\u00e4die"},"content":{"rendered":"\n<h2 class=\"wp-block-heading\"><strong>Orthop\u00e4die<\/strong><\/h2>\n\n\n\n<p><span class=\"times\">GYROTONIC\u00ae<\/span> beugt R\u00fcckenschmerzen vor. <br>Die gesamte Wirbels\u00e4ule wird gezielt trainiert und systematisch gest\u00e4rkt.  <\/p>\n\n\n\n<p>Die Aktivierung der tiefen R\u00fcckenmuskulatur f\u00fchrt zu mehr Stabilit\u00e4t der Wirbels\u00e4ule und einer m\u00fchelosen aufrechten Haltung. Gleichzeitig wird die Beweglichkeit der einzelnen Wirbelgelenke vergr\u00f6\u00dfert. Die Kr\u00e4ftigung der K\u00f6rpermitte entlastet den Schulterg\u00fcrtel und die Lendenwirbels\u00e4ule in Alltagsbewegungen wie Sitzen und Stehen. <\/p>\n\n\n\n<p>Eines der Grundprinzipien des <span class=\"times\">GYROTONIC\u00ae<\/span>&#8211; Systems ist das \u201ePlatz schaffen\u201c innerhalb der Gelenke und das damit verbundene \u201eVerl\u00e4ngern\u201c der Wirbels\u00e4ule. Dieses f\u00fchrt zu Dekompression zwischen den Wirbelk\u00f6rpern und wirkt sich positiv auf alle Systeme des K\u00f6rpers aus.<\/p>\n\n\n\n<p>Das Training baut mithilfe der speziell daf\u00fcr entwickelten <span class=\"times\">GYROTONIC\u00ae<\/span>&#8211; Ger\u00e4te einen leichten Zug auf, der sich anhaltend auf alle Gelenke des K\u00f6rpers auswirkt.<\/p>\n\n\n\n<p>Au\u00dfergew\u00f6hnliche Ergebnisse werden erzielt bei:<\/p>\n\n\n\n<ul class=\"wp-block-list\"><li>R\u00fcckenbeschwerden und Bandscheibenproblemen<\/li><li>Blockaden und Verspannungen<\/li><li>Schulter- und H\u00fcfterkrankungen<\/li><li>Muskul\u00e4re Dysbalancen<\/li><li>Arthrosen<\/li><li>Rheumatische Beschwerden<\/li><li>Haltungsschw\u00e4chen<\/li><li>Osteoporose<\/li><li>Beckenbodenschw\u00e4che<\/li><li>Verletzungen\/ Frakturen\/ B\u00e4nderl\u00e4sionen<br><\/li><\/ul>\n\n\n\n<p class=\"has-text-align-left\"><strong>&#8220;Bei Wirbels\u00e4ulenbeschwerden oder Gelenkschmerzen\/- Verletzungen, <br>pr\u00e4ventiv oder rehabilitativ, ein individuelles Training kann die Wiederherstellung, Schmerzfreiheit und das Wohlbefinden unterst\u00fctzen und langfristig ver\u00e4ndern&#8221;<\/strong><br><\/p>\n\n\n\n<hr class=\"wp-block-separator\"\/>\n\n\n\n<p class=\"has-text-align-center has-small-font-size\">\n<span class=\"times\">GYROTONIC\u00ae<\/span>, <span class=\"times\">GYROTONIC\u00ae<\/span> <span class=\"timesLogo\">&amp; Logo<\/span> und <span class=\"times\">GYROTONIC EXPANSION SYSTEM\u00ae<\/span> sind eingetragene Warenzeichen der Gyrotonic Sales Corp und werden mit deren Genehmigung verwendet.<\/p>\n","protected":false},"excerpt":{"rendered":"<p>Orthop\u00e4die GYROTONIC\u00ae beugt R\u00fcckenschmerzen vor. Die gesamte Wirbels\u00e4ule wird gezielt trainiert und systematisch gest\u00e4rkt. Die Aktivierung der tiefen R\u00fcckenmuskulatur f\u00fchrt zu mehr Stabilit\u00e4t der Wirbels\u00e4ule und einer m\u00fchelosen aufrechten Haltung. Gleichzeitig wird die Beweglichkeit der einzelnen Wirbelgelenke vergr\u00f6\u00dfert. Die Kr\u00e4ftigung<\/p>\n","protected":false},"author":1,"featured_media":0,"parent":0,"menu_order":0,"comment_status":"closed","ping_status":"closed","template":"","meta":{"footnotes":""},"class_list":["post-493","page","type-page","status-publish","hentry"],"_links":{"self":[{"href":"https:\/\/spannweite-kirchheim.de\/index.php?rest_route=\/wp\/v2\/pages\/493","targetHints":{"allow":["GET"]}}],"collection":[{"href":"https:\/\/spannweite-kirchheim.de\/index.php?rest_route=\/wp\/v2\/pages"}],"about":[{"href":"https:\/\/spannweite-kirchheim.de\/index.php?rest_route=\/wp\/v2\/types\/page"}],"author":[{"embeddable":true,"href":"https:\/\/spannweite-kirchheim.de\/index.php?rest_route=\/wp\/v2\/users\/1"}],"replies":[{"embeddable":true,"href":"https:\/\/spannweite-kirchheim.de\/index.php?rest_route=%2Fwp%2Fv2%2Fcomments&post=493"}],"version-history":[{"count":21,"href":"https:\/\/spannweite-kirchheim.de\/index.php?rest_route=\/wp\/v2\/pages\/493\/revisions"}],"predecessor-version":[{"id":936,"href":"https:\/\/spannweite-kirchheim.de\/index.php?rest_route=\/wp\/v2\/pages\/493\/revisions\/936"}],"wp:attachment":[{"href":"https:\/\/spannweite-kirchheim.de\/index.php?rest_route=%2Fwp%2Fv2%2Fmedia&parent=493"}],"curies":[{"name":"wp","href":"https:\/\/api.w.org\/{rel}","templated":true}]}}