{"id":309,"date":"2020-01-25T09:39:28","date_gmt":"2020-01-25T09:39:28","guid":{"rendered":"http:\/\/spannweite-kirchheim.de\/?page_id=309"},"modified":"2020-01-28T15:58:58","modified_gmt":"2020-01-28T15:58:58","slug":"studio-2","status":"publish","type":"page","link":"https:\/\/spannweite-kirchheim.de\/?page_id=309","title":{"rendered":"Studio"},"content":{"rendered":"\n<h2 class=\"wp-block-heading\">Das Studio <span style=\"color:#00B050;font-weight:bold;font-style: normal;\">SPAN<\/span><span style=\"color:#636363ff;font-weight:bold;font-style: italic;\">NWEITE<\/span><br>von Alexandra Benisch<\/h2>\n\n\n\n<p>Studio <span style=\"color:#00B050;font-weight:bold;font-style: normal;\">SPAN<\/span><span style=\"color:#636363ff;font-weight:bold;font-style: italic;\">NWEITE<\/span> \u2013  ein Ort, an dem Sie und Ihre pers\u00f6nlichen Ziele, W\u00fcnsche und Bed\u00fcrfnisse im absoluten Mittelpunkt stehen, wenn es um Fragen Ihrer k\u00f6rperlichen und mentalen Fitness, Gesundheit, Leistungsf\u00e4higkeit sowie Ihres Wohlbefindens geht. <\/p>\n\n\n\n<p>Profitieren sie aus meiner Erfahrung als Personal Trainerin und lernen sie die Vorteile meines Trainingskonzeptes kennen.<\/p>\n\n\n\n<hr class=\"wp-block-separator\"\/>\n\n\n\n<p class=\"has-text-align-center\"><strong>Das Basis Ger\u00e4t ist der Pulley Tower Handle Combination Unit (PTCU)<\/strong><br><br><\/p>\n\n\n\n<figure class=\"wp-block-gallery columns-2 is-cropped wp-block-gallery-1 is-layout-flex wp-block-gallery-is-layout-flex\"><ul class=\"blocks-gallery-grid\"><li class=\"blocks-gallery-item\"><figure><img loading=\"lazy\" decoding=\"async\" width=\"1024\" height=\"1024\" src=\"https:\/\/spannweite-kirchheim.de\/wp-content\/uploads\/2020\/01\/neu1-1024x1024.jpg\" alt=\"\" data-id=\"851\" data-full-url=\"https:\/\/spannweite-kirchheim.de\/wp-content\/uploads\/2020\/01\/neu1.jpg\" data-link=\"https:\/\/spannweite-kirchheim.de\/?attachment_id=851\" class=\"wp-image-851\" srcset=\"https:\/\/spannweite-kirchheim.de\/wp-content\/uploads\/2020\/01\/neu1-1024x1024.jpg 1024w, https:\/\/spannweite-kirchheim.de\/wp-content\/uploads\/2020\/01\/neu1-300x300.jpg 300w, https:\/\/spannweite-kirchheim.de\/wp-content\/uploads\/2020\/01\/neu1-150x150.jpg 150w, https:\/\/spannweite-kirchheim.de\/wp-content\/uploads\/2020\/01\/neu1-768x768.jpg 768w, https:\/\/spannweite-kirchheim.de\/wp-content\/uploads\/2020\/01\/neu1-270x270.jpg 270w, https:\/\/spannweite-kirchheim.de\/wp-content\/uploads\/2020\/01\/neu1-230x230.jpg 230w, https:\/\/spannweite-kirchheim.de\/wp-content\/uploads\/2020\/01\/neu1.jpg 1103w\" sizes=\"auto, (max-width: 1024px) 100vw, 1024px\" \/><\/figure><\/li><li class=\"blocks-gallery-item\"><figure><img loading=\"lazy\" decoding=\"async\" width=\"768\" height=\"1024\" src=\"https:\/\/spannweite-kirchheim.de\/wp-content\/uploads\/2020\/01\/IMG-20200127-WA0191-768x1024.jpg\" alt=\"\" data-id=\"839\" data-full-url=\"https:\/\/spannweite-kirchheim.de\/wp-content\/uploads\/2020\/01\/IMG-20200127-WA0191.jpg\" data-link=\"https:\/\/spannweite-kirchheim.de\/?attachment_id=839\" class=\"wp-image-839\" srcset=\"https:\/\/spannweite-kirchheim.de\/wp-content\/uploads\/2020\/01\/IMG-20200127-WA0191-768x1024.jpg 768w, https:\/\/spannweite-kirchheim.de\/wp-content\/uploads\/2020\/01\/IMG-20200127-WA0191-225x300.jpg 225w, https:\/\/spannweite-kirchheim.de\/wp-content\/uploads\/2020\/01\/IMG-20200127-WA0191-1152x1536.jpg 1152w, https:\/\/spannweite-kirchheim.de\/wp-content\/uploads\/2020\/01\/IMG-20200127-WA0191.jpg 1200w\" sizes=\"auto, (max-width: 768px) 100vw, 768px\" \/><\/figure><\/li><\/ul><\/figure>\n\n\n\n<figure class=\"wp-block-gallery columns-3 is-cropped wp-block-gallery-2 is-layout-flex wp-block-gallery-is-layout-flex\"><ul class=\"blocks-gallery-grid\"><li class=\"blocks-gallery-item\"><figure><img loading=\"lazy\" decoding=\"async\" width=\"474\" height=\"1024\" src=\"https:\/\/spannweite-kirchheim.de\/wp-content\/uploads\/2020\/01\/IMG-20191125-WA0153-1-474x1024.jpg\" alt=\"\" data-id=\"608\" data-full-url=\"https:\/\/spannweite-kirchheim.de\/wp-content\/uploads\/2020\/01\/IMG-20191125-WA0153-1.jpg\" data-link=\"https:\/\/spannweite-kirchheim.de\/?attachment_id=608\" class=\"wp-image-608\" srcset=\"https:\/\/spannweite-kirchheim.de\/wp-content\/uploads\/2020\/01\/IMG-20191125-WA0153-1-474x1024.jpg 474w, https:\/\/spannweite-kirchheim.de\/wp-content\/uploads\/2020\/01\/IMG-20191125-WA0153-1-139x300.jpg 139w, https:\/\/spannweite-kirchheim.de\/wp-content\/uploads\/2020\/01\/IMG-20191125-WA0153-1-710x1536.jpg 710w, https:\/\/spannweite-kirchheim.de\/wp-content\/uploads\/2020\/01\/IMG-20191125-WA0153-1.jpg 740w\" sizes=\"auto, (max-width: 474px) 100vw, 474px\" \/><\/figure><\/li><li class=\"blocks-gallery-item\"><figure><img loading=\"lazy\" decoding=\"async\" width=\"471\" height=\"1024\" src=\"https:\/\/spannweite-kirchheim.de\/wp-content\/uploads\/2020\/01\/IMG-20191125-WA0102-471x1024.jpg\" alt=\"\" data-id=\"529\" data-full-url=\"https:\/\/spannweite-kirchheim.de\/wp-content\/uploads\/2020\/01\/IMG-20191125-WA0102.jpg\" data-link=\"https:\/\/spannweite-kirchheim.de\/?attachment_id=529\" class=\"wp-image-529\" srcset=\"https:\/\/spannweite-kirchheim.de\/wp-content\/uploads\/2020\/01\/IMG-20191125-WA0102-471x1024.jpg 471w, https:\/\/spannweite-kirchheim.de\/wp-content\/uploads\/2020\/01\/IMG-20191125-WA0102-138x300.jpg 138w, https:\/\/spannweite-kirchheim.de\/wp-content\/uploads\/2020\/01\/IMG-20191125-WA0102-707x1536.jpg 707w, https:\/\/spannweite-kirchheim.de\/wp-content\/uploads\/2020\/01\/IMG-20191125-WA0102.jpg 736w\" sizes=\"auto, (max-width: 471px) 100vw, 471px\" \/><\/figure><\/li><li class=\"blocks-gallery-item\"><figure><img loading=\"lazy\" decoding=\"async\" width=\"422\" height=\"1024\" src=\"https:\/\/spannweite-kirchheim.de\/wp-content\/uploads\/2020\/01\/IMG_20191125_213138-422x1024.jpg\" alt=\"\" data-id=\"512\" data-full-url=\"https:\/\/spannweite-kirchheim.de\/wp-content\/uploads\/2020\/01\/IMG_20191125_213138.jpg\" data-link=\"https:\/\/spannweite-kirchheim.de\/?attachment_id=512\" class=\"wp-image-512\" srcset=\"https:\/\/spannweite-kirchheim.de\/wp-content\/uploads\/2020\/01\/IMG_20191125_213138-422x1024.jpg 422w, https:\/\/spannweite-kirchheim.de\/wp-content\/uploads\/2020\/01\/IMG_20191125_213138-124x300.jpg 124w, https:\/\/spannweite-kirchheim.de\/wp-content\/uploads\/2020\/01\/IMG_20191125_213138.jpg 613w\" sizes=\"auto, (max-width: 422px) 100vw, 422px\" \/><\/figure><\/li><\/ul><\/figure>\n\n\n\n<figure class=\"wp-block-gallery columns-3 is-cropped wp-block-gallery-3 is-layout-flex wp-block-gallery-is-layout-flex\"><ul class=\"blocks-gallery-grid\"><li class=\"blocks-gallery-item\"><figure><img loading=\"lazy\" decoding=\"async\" width=\"768\" height=\"1024\" src=\"https:\/\/spannweite-kirchheim.de\/wp-content\/uploads\/2020\/01\/IMG-20200127-WA0199-768x1024.jpg\" alt=\"\" data-id=\"843\" data-full-url=\"https:\/\/spannweite-kirchheim.de\/wp-content\/uploads\/2020\/01\/IMG-20200127-WA0199.jpg\" data-link=\"https:\/\/spannweite-kirchheim.de\/?attachment_id=843\" class=\"wp-image-843\" srcset=\"https:\/\/spannweite-kirchheim.de\/wp-content\/uploads\/2020\/01\/IMG-20200127-WA0199-768x1024.jpg 768w, https:\/\/spannweite-kirchheim.de\/wp-content\/uploads\/2020\/01\/IMG-20200127-WA0199-225x300.jpg 225w, https:\/\/spannweite-kirchheim.de\/wp-content\/uploads\/2020\/01\/IMG-20200127-WA0199-1152x1536.jpg 1152w, https:\/\/spannweite-kirchheim.de\/wp-content\/uploads\/2020\/01\/IMG-20200127-WA0199.jpg 1200w\" sizes=\"auto, (max-width: 768px) 100vw, 768px\" \/><\/figure><\/li><li class=\"blocks-gallery-item\"><figure><img loading=\"lazy\" decoding=\"async\" width=\"768\" height=\"1024\" src=\"https:\/\/spannweite-kirchheim.de\/wp-content\/uploads\/2020\/01\/IMG-20200127-WA0170-768x1024.jpg\" alt=\"\" data-id=\"831\" data-full-url=\"https:\/\/spannweite-kirchheim.de\/wp-content\/uploads\/2020\/01\/IMG-20200127-WA0170.jpg\" data-link=\"https:\/\/spannweite-kirchheim.de\/?attachment_id=831\" class=\"wp-image-831\" srcset=\"https:\/\/spannweite-kirchheim.de\/wp-content\/uploads\/2020\/01\/IMG-20200127-WA0170-768x1024.jpg 768w, https:\/\/spannweite-kirchheim.de\/wp-content\/uploads\/2020\/01\/IMG-20200127-WA0170-225x300.jpg 225w, https:\/\/spannweite-kirchheim.de\/wp-content\/uploads\/2020\/01\/IMG-20200127-WA0170-1152x1536.jpg 1152w, https:\/\/spannweite-kirchheim.de\/wp-content\/uploads\/2020\/01\/IMG-20200127-WA0170.jpg 1200w\" sizes=\"auto, (max-width: 768px) 100vw, 768px\" \/><\/figure><\/li><li class=\"blocks-gallery-item\"><figure><img loading=\"lazy\" decoding=\"async\" width=\"1024\" height=\"768\" src=\"https:\/\/spannweite-kirchheim.de\/wp-content\/uploads\/2020\/01\/IMG-20200127-WA0161-e1580215243223-1024x768.jpg\" alt=\"\" data-id=\"824\" data-full-url=\"https:\/\/spannweite-kirchheim.de\/wp-content\/uploads\/2020\/01\/IMG-20200127-WA0161-e1580215243223.jpg\" data-link=\"https:\/\/spannweite-kirchheim.de\/?attachment_id=824\" class=\"wp-image-824\" srcset=\"https:\/\/spannweite-kirchheim.de\/wp-content\/uploads\/2020\/01\/IMG-20200127-WA0161-e1580215243223-1024x768.jpg 1024w, https:\/\/spannweite-kirchheim.de\/wp-content\/uploads\/2020\/01\/IMG-20200127-WA0161-e1580215243223-300x225.jpg 300w, https:\/\/spannweite-kirchheim.de\/wp-content\/uploads\/2020\/01\/IMG-20200127-WA0161-e1580215243223-768x576.jpg 768w, https:\/\/spannweite-kirchheim.de\/wp-content\/uploads\/2020\/01\/IMG-20200127-WA0161-e1580215243223-1536x1152.jpg 1536w, https:\/\/spannweite-kirchheim.de\/wp-content\/uploads\/2020\/01\/IMG-20200127-WA0161-e1580215243223.jpg 1600w\" sizes=\"auto, (max-width: 1024px) 100vw, 1024px\" \/><\/figure><\/li><\/ul><\/figure>\n\n\n\n<p class=\"has-text-align-center\"><strong>Die Nutzung dieses Ger\u00e4tes ist vielseitig. <\/strong><br><br><\/p>\n\n\n\n<figure class=\"wp-block-gallery columns-3 is-cropped wp-block-gallery-4 is-layout-flex wp-block-gallery-is-layout-flex\"><ul class=\"blocks-gallery-grid\"><li class=\"blocks-gallery-item\"><figure><img loading=\"lazy\" decoding=\"async\" width=\"1024\" height=\"823\" src=\"https:\/\/spannweite-kirchheim.de\/wp-content\/uploads\/2020\/01\/neu-1024x823.jpg\" alt=\"\" data-id=\"848\" data-link=\"https:\/\/spannweite-kirchheim.de\/?attachment_id=848\" class=\"wp-image-848\" srcset=\"https:\/\/spannweite-kirchheim.de\/wp-content\/uploads\/2020\/01\/neu-1024x823.jpg 1024w, https:\/\/spannweite-kirchheim.de\/wp-content\/uploads\/2020\/01\/neu-300x241.jpg 300w, https:\/\/spannweite-kirchheim.de\/wp-content\/uploads\/2020\/01\/neu-768x617.jpg 768w, https:\/\/spannweite-kirchheim.de\/wp-content\/uploads\/2020\/01\/neu.jpg 1199w\" sizes=\"auto, (max-width: 1024px) 100vw, 1024px\" \/><\/figure><\/li><li class=\"blocks-gallery-item\"><figure><img loading=\"lazy\" decoding=\"async\" width=\"898\" height=\"1024\" src=\"https:\/\/spannweite-kirchheim.de\/wp-content\/uploads\/2020\/01\/IMG-20200127-WA0180-898x1024.jpg\" alt=\"\" data-id=\"833\" data-link=\"https:\/\/spannweite-kirchheim.de\/?attachment_id=833\" class=\"wp-image-833\" srcset=\"https:\/\/spannweite-kirchheim.de\/wp-content\/uploads\/2020\/01\/IMG-20200127-WA0180-898x1024.jpg 898w, https:\/\/spannweite-kirchheim.de\/wp-content\/uploads\/2020\/01\/IMG-20200127-WA0180-263x300.jpg 263w, https:\/\/spannweite-kirchheim.de\/wp-content\/uploads\/2020\/01\/IMG-20200127-WA0180-768x876.jpg 768w, https:\/\/spannweite-kirchheim.de\/wp-content\/uploads\/2020\/01\/IMG-20200127-WA0180.jpg 1189w\" sizes=\"auto, (max-width: 898px) 100vw, 898px\" \/><\/figure><\/li><li class=\"blocks-gallery-item\"><figure><img loading=\"lazy\" decoding=\"async\" width=\"768\" height=\"1024\" src=\"https:\/\/spannweite-kirchheim.de\/wp-content\/uploads\/2020\/01\/IMG-20200127-WA0155-768x1024.jpg\" alt=\"\" data-id=\"823\" data-link=\"https:\/\/spannweite-kirchheim.de\/?attachment_id=823\" class=\"wp-image-823\" srcset=\"https:\/\/spannweite-kirchheim.de\/wp-content\/uploads\/2020\/01\/IMG-20200127-WA0155-768x1024.jpg 768w, https:\/\/spannweite-kirchheim.de\/wp-content\/uploads\/2020\/01\/IMG-20200127-WA0155-225x300.jpg 225w, https:\/\/spannweite-kirchheim.de\/wp-content\/uploads\/2020\/01\/IMG-20200127-WA0155-1152x1536.jpg 1152w, https:\/\/spannweite-kirchheim.de\/wp-content\/uploads\/2020\/01\/IMG-20200127-WA0155.jpg 1200w\" sizes=\"auto, (max-width: 768px) 100vw, 768px\" \/><\/figure><\/li><li class=\"blocks-gallery-item\"><figure><img loading=\"lazy\" decoding=\"async\" width=\"768\" height=\"1024\" src=\"https:\/\/spannweite-kirchheim.de\/wp-content\/uploads\/2020\/01\/IMG-20200127-WA0147-768x1024.jpg\" alt=\"\" data-id=\"821\" data-link=\"https:\/\/spannweite-kirchheim.de\/?attachment_id=821\" class=\"wp-image-821\" srcset=\"https:\/\/spannweite-kirchheim.de\/wp-content\/uploads\/2020\/01\/IMG-20200127-WA0147-768x1024.jpg 768w, https:\/\/spannweite-kirchheim.de\/wp-content\/uploads\/2020\/01\/IMG-20200127-WA0147-225x300.jpg 225w, https:\/\/spannweite-kirchheim.de\/wp-content\/uploads\/2020\/01\/IMG-20200127-WA0147-1152x1536.jpg 1152w, https:\/\/spannweite-kirchheim.de\/wp-content\/uploads\/2020\/01\/IMG-20200127-WA0147.jpg 1200w\" sizes=\"auto, (max-width: 768px) 100vw, 768px\" \/><\/figure><\/li><li class=\"blocks-gallery-item\"><figure><img loading=\"lazy\" decoding=\"async\" width=\"768\" height=\"1024\" src=\"https:\/\/spannweite-kirchheim.de\/wp-content\/uploads\/2020\/01\/IMG-20200127-WA0116-768x1024.jpg\" alt=\"\" data-id=\"811\" data-link=\"https:\/\/spannweite-kirchheim.de\/?attachment_id=811\" class=\"wp-image-811\" srcset=\"https:\/\/spannweite-kirchheim.de\/wp-content\/uploads\/2020\/01\/IMG-20200127-WA0116-768x1024.jpg 768w, https:\/\/spannweite-kirchheim.de\/wp-content\/uploads\/2020\/01\/IMG-20200127-WA0116-225x300.jpg 225w, https:\/\/spannweite-kirchheim.de\/wp-content\/uploads\/2020\/01\/IMG-20200127-WA0116-1152x1536.jpg 1152w, https:\/\/spannweite-kirchheim.de\/wp-content\/uploads\/2020\/01\/IMG-20200127-WA0116.jpg 1200w\" sizes=\"auto, (max-width: 768px) 100vw, 768px\" \/><\/figure><\/li><li class=\"blocks-gallery-item\"><figure><img loading=\"lazy\" decoding=\"async\" width=\"1024\" height=\"768\" src=\"https:\/\/spannweite-kirchheim.de\/wp-content\/uploads\/2020\/01\/IMG-20200127-WA0040-1024x768.jpg\" alt=\"\" data-id=\"786\" data-link=\"https:\/\/spannweite-kirchheim.de\/?attachment_id=786\" class=\"wp-image-786\" srcset=\"https:\/\/spannweite-kirchheim.de\/wp-content\/uploads\/2020\/01\/IMG-20200127-WA0040-1024x768.jpg 1024w, https:\/\/spannweite-kirchheim.de\/wp-content\/uploads\/2020\/01\/IMG-20200127-WA0040-300x225.jpg 300w, https:\/\/spannweite-kirchheim.de\/wp-content\/uploads\/2020\/01\/IMG-20200127-WA0040-768x576.jpg 768w, https:\/\/spannweite-kirchheim.de\/wp-content\/uploads\/2020\/01\/IMG-20200127-WA0040-1536x1152.jpg 1536w, https:\/\/spannweite-kirchheim.de\/wp-content\/uploads\/2020\/01\/IMG-20200127-WA0040.jpg 1600w\" sizes=\"auto, (max-width: 1024px) 100vw, 1024px\" \/><\/figure><\/li><li class=\"blocks-gallery-item\"><figure><img loading=\"lazy\" decoding=\"async\" width=\"768\" height=\"1024\" src=\"https:\/\/spannweite-kirchheim.de\/wp-content\/uploads\/2020\/01\/IMG-20200127-WA0036-768x1024.jpg\" alt=\"\" data-id=\"784\" data-link=\"https:\/\/spannweite-kirchheim.de\/?attachment_id=784\" class=\"wp-image-784\" srcset=\"https:\/\/spannweite-kirchheim.de\/wp-content\/uploads\/2020\/01\/IMG-20200127-WA0036-768x1024.jpg 768w, https:\/\/spannweite-kirchheim.de\/wp-content\/uploads\/2020\/01\/IMG-20200127-WA0036-225x300.jpg 225w, https:\/\/spannweite-kirchheim.de\/wp-content\/uploads\/2020\/01\/IMG-20200127-WA0036-1152x1536.jpg 1152w, https:\/\/spannweite-kirchheim.de\/wp-content\/uploads\/2020\/01\/IMG-20200127-WA0036.jpg 1200w\" sizes=\"auto, (max-width: 768px) 100vw, 768px\" \/><\/figure><\/li><li class=\"blocks-gallery-item\"><figure><img loading=\"lazy\" decoding=\"async\" width=\"1024\" height=\"870\" src=\"https:\/\/spannweite-kirchheim.de\/wp-content\/uploads\/2020\/01\/IMG-20200127-WA0184-1024x870.jpg\" alt=\"\" data-id=\"836\" data-link=\"https:\/\/spannweite-kirchheim.de\/?attachment_id=836\" class=\"wp-image-836\" srcset=\"https:\/\/spannweite-kirchheim.de\/wp-content\/uploads\/2020\/01\/IMG-20200127-WA0184-1024x870.jpg 1024w, https:\/\/spannweite-kirchheim.de\/wp-content\/uploads\/2020\/01\/IMG-20200127-WA0184-300x255.jpg 300w, https:\/\/spannweite-kirchheim.de\/wp-content\/uploads\/2020\/01\/IMG-20200127-WA0184-768x652.jpg 768w, https:\/\/spannweite-kirchheim.de\/wp-content\/uploads\/2020\/01\/IMG-20200127-WA0184.jpg 1406w\" sizes=\"auto, (max-width: 1024px) 100vw, 1024px\" \/><\/figure><\/li><li class=\"blocks-gallery-item\"><figure><img loading=\"lazy\" decoding=\"async\" width=\"768\" height=\"1024\" src=\"https:\/\/spannweite-kirchheim.de\/wp-content\/uploads\/2020\/01\/neu3-768x1024.jpg\" alt=\"\" data-id=\"950\" data-full-url=\"https:\/\/spannweite-kirchheim.de\/wp-content\/uploads\/2020\/01\/neu3.jpg\" data-link=\"https:\/\/spannweite-kirchheim.de\/?attachment_id=950\" class=\"wp-image-950\" srcset=\"https:\/\/spannweite-kirchheim.de\/wp-content\/uploads\/2020\/01\/neu3-768x1024.jpg 768w, https:\/\/spannweite-kirchheim.de\/wp-content\/uploads\/2020\/01\/neu3-225x300.jpg 225w, https:\/\/spannweite-kirchheim.de\/wp-content\/uploads\/2020\/01\/neu3-1152x1536.jpg 1152w, https:\/\/spannweite-kirchheim.de\/wp-content\/uploads\/2020\/01\/neu3.jpg 1200w\" sizes=\"auto, (max-width: 768px) 100vw, 768px\" \/><\/figure><\/li><\/ul><\/figure>\n\n\n\n<hr class=\"wp-block-separator\"\/>\n\n\n\n<p class=\"has-text-align-center has-small-font-size\">\n<span class=\"times\">GYROTONIC\u00ae<\/span>, <span class=\"times\">GYROTONIC\u00ae<\/span> <span class=\"timesLogo\">&amp; Logo<\/span> und <span class=\"times\">GYROTONIC EXPANSION SYSTEM\u00ae<\/span> sind eingetragene Warenzeichen der Gyrotonic Sales Corp und werden mit deren Genehmigung verwendet.<\/p>\n","protected":false},"excerpt":{"rendered":"<p>Das Studio SPANNWEITEvon Alexandra Benisch Studio SPANNWEITE \u2013 ein Ort, an dem Sie und Ihre pers\u00f6nlichen Ziele, W\u00fcnsche und Bed\u00fcrfnisse im absoluten Mittelpunkt stehen, wenn es um Fragen Ihrer k\u00f6rperlichen und mentalen Fitness, Gesundheit, Leistungsf\u00e4higkeit sowie Ihres Wohlbefindens geht. Profitieren<\/p>\n","protected":false},"author":1,"featured_media":0,"parent":0,"menu_order":0,"comment_status":"closed","ping_status":"closed","template":"","meta":{"footnotes":""},"class_list":["post-309","page","type-page","status-publish","hentry"],"_links":{"self":[{"href":"https:\/\/spannweite-kirchheim.de\/index.php?rest_route=\/wp\/v2\/pages\/309","targetHints":{"allow":["GET"]}}],"collection":[{"href":"https:\/\/spannweite-kirchheim.de\/index.php?rest_route=\/wp\/v2\/pages"}],"about":[{"href":"https:\/\/spannweite-kirchheim.de\/index.php?rest_route=\/wp\/v2\/types\/page"}],"author":[{"embeddable":true,"href":"https:\/\/spannweite-kirchheim.de\/index.php?rest_route=\/wp\/v2\/users\/1"}],"replies":[{"embeddable":true,"href":"https:\/\/spannweite-kirchheim.de\/index.php?rest_route=%2Fwp%2Fv2%2Fcomments&post=309"}],"version-history":[{"count":43,"href":"https:\/\/spannweite-kirchheim.de\/index.php?rest_route=\/wp\/v2\/pages\/309\/revisions"}],"predecessor-version":[{"id":951,"href":"https:\/\/spannweite-kirchheim.de\/index.php?rest_route=\/wp\/v2\/pages\/309\/revisions\/951"}],"wp:attachment":[{"href":"https:\/\/spannweite-kirchheim.de\/index.php?rest_route=%2Fwp%2Fv2%2Fmedia&parent=309"}],"curies":[{"name":"wp","href":"https:\/\/api.w.org\/{rel}","templated":true}]}}