{"id":188,"date":"2020-01-24T18:31:12","date_gmt":"2020-01-24T18:31:12","guid":{"rendered":"http:\/\/spannweite-kirchheim.de\/?page_id=188"},"modified":"2021-12-09T12:18:06","modified_gmt":"2021-12-09T12:18:06","slug":"mein-persoenlicher-weg-zu-gyrotonic","status":"publish","type":"page","link":"https:\/\/spannweite-kirchheim.de\/?page_id=188","title":{"rendered":"Mein pers\u00f6nlicher Weg zu <span class=\"times\">GYROTONIC\u00ae<\/span>"},"content":{"rendered":"\n<h2 class=\"wp-block-heading\"><strong>Mein pers\u00f6nlicher Weg zu <span class=\"times\">GYROTONIC\u00ae<\/span><\/strong><\/h2>\n\n\n\n<p><\/p>\n\n\n\n<div class=\"wp-block-columns is-layout-flex wp-container-core-columns-is-layout-28f84493 wp-block-columns-is-layout-flex\">\n<div class=\"wp-block-column is-layout-flow wp-block-column-is-layout-flow\" style=\"flex-basis:33.33%\">\n<div class=\"wp-block-image\"><figure class=\"alignleft size-large\"><img loading=\"lazy\" decoding=\"async\" width=\"784\" height=\"1024\" src=\"https:\/\/spannweite-kirchheim.de\/wp-content\/uploads\/2020\/01\/IMG_20200128_120840-784x1024.jpg\" alt=\"\" class=\"wp-image-845\" srcset=\"https:\/\/spannweite-kirchheim.de\/wp-content\/uploads\/2020\/01\/IMG_20200128_120840-784x1024.jpg 784w, https:\/\/spannweite-kirchheim.de\/wp-content\/uploads\/2020\/01\/IMG_20200128_120840-230x300.jpg 230w, https:\/\/spannweite-kirchheim.de\/wp-content\/uploads\/2020\/01\/IMG_20200128_120840-768x1002.jpg 768w, https:\/\/spannweite-kirchheim.de\/wp-content\/uploads\/2020\/01\/IMG_20200128_120840-1177x1536.jpg 1177w, https:\/\/spannweite-kirchheim.de\/wp-content\/uploads\/2020\/01\/IMG_20200128_120840-1569x2048.jpg 1569w, https:\/\/spannweite-kirchheim.de\/wp-content\/uploads\/2020\/01\/IMG_20200128_120840.jpg 1831w\" sizes=\"auto, (max-width: 784px) 100vw, 784px\" \/><\/figure><\/div>\n<\/div>\n\n\n\n<div class=\"wp-block-column is-layout-flow wp-block-column-is-layout-flow\" style=\"flex-basis:66.66%\">\n<p style=\"font-size:18px\"><em><strong>&#8220;Ich habe es mir zum Ziel gesetzt, mein pers\u00f6nliches Wunder mit anderen Menschen zu teilen und Ihnen mithilfe von &nbsp;<span class=\"times\">GYROTONIC\u00ae<\/span> wieder zu einem gesunden K\u00f6rperbewusstsein zu verhelfen&#8221;  <\/strong><\/em><\/p>\n<\/div>\n<\/div>\n\n\n\n<p><\/p>\n\n\n\n<p>Die meisten <span class=\"times\">GYROTONIC\u00ae<\/span>&#8211; Trainer finden durch Ihren sportlichen oder therapeutischen Beruf zu Gyrotonic. <\/p>\n\n\n\n<p>Ich habe in meinem Leben viele Sportarten ausprobiert, von Judo \u00fcber    Basketball bis hin zum Turnen und Leichtathletik. Ebenso habe ich, wie    die meisten Menschen, die immer mal wieder animiert sind was f\u00fcr Ihre    Gesundheit zu tun, viel Zeit im Fitnessstudio zugebracht. Doch immer  und   immer wieder kam ich nach gewisser Zeit an den gleichen Punkt, ich    verlor die Lust und den Spa\u00df daran, ich geh\u00f6rte nicht zu den    sportbegeisterten Menschen.   <\/p>\n\n\n\n<p class=\"has-text-align-left\">Mit Anfang 30 erlitt ich einen mehrfachen Bandscheibenvorfall. <br>Ich brauchte lange um zu verstehen und vor allem zu akzeptieren, dass es nun zu mir geh\u00f6rte:<\/p>\n\n\n\n<p class=\"has-text-align-left\">&#8220;Den eigenen K\u00f6rper nicht mehr uneingeschr\u00e4nkt kontrollieren zu k\u00f6nnen&#8221;<\/p>\n\n\n\n<p class=\"has-text-align-left\">Ich  versuchte viele konventionelle Verfahren wie auch alternative  Behandlungen und durfte hieraus einen eigenen gro\u00dfen Erfahrungsschatz  als chronische Schmerzpatientin sammeln.<br><br>Neue Impulse und K\u00f6rperwahrnehmung durfte ich durch Yoga erfahren. <br>Die  Begeisterung ganzeinheitlich mit dem eigenen K\u00f6rper, Geist und Seele  arbeiten zu d\u00fcrfen und das eigene K\u00f6rperbewusstsein zu entwickeln, ist  bis heute ein Leitbild, dass ich vollen Herzens und mit ganzer  \u00dcberzeugung verfolge. <\/p>\n\n\n\n<p>Doch wie meist, ist auch bei mir eine weitere Verschlechterung meiner Erkrankung nach einigen Jahren eingetreten.<br>Mein Zustand verschlechterte sich enorm. Starke und zahlreiche Medikamente begleiteten mich tagt\u00e4glich, st\u00e4ndige Arztbesuche, Klinikaufenthalte, von einem Facharzt zum N\u00e4chsten.<\/p>\n\n\n\n<p class=\"has-text-align-left\">&#8220;Mein k\u00f6rperliches Leiden bestimmte meinen Alltag&#8221;<\/p>\n\n\n\n<p>Und genau an diesem Punkt traf ich auf mein pers\u00f6nliches Wunder und durfte <span class=\"times\">GYROTONIC\u00ae<\/span> kennenlernen. <span class=\"times\">GYROTONIC\u00ae<\/span> verhalf mir nicht nur Abstand von meinen zahlreichen Schmerzmitteln zu gewinnen, meine Schmerzen gezielt durch Bewegungen zu reduzieren, Operationen zu vermeiden, sondern vor allem wieder zur\u00fcck zu einem gesunden K\u00f6rperbewusstsein zu finden.<br><\/p>\n\n\n\n<hr class=\"wp-block-separator\"\/>\n\n\n\n<p class=\"has-text-align-center has-small-font-size\">\n<span class=\"times\">GYROTONIC\u00ae<\/span>, <span class=\"times\">GYROTONIC\u00ae<\/span> <span class=\"timesLogo\">&amp; Logo<\/span> und <span class=\"times\">GYROTONIC EXPANSION SYSTEM\u00ae<\/span> sind eingetragene Warenzeichen der Gyrotonic Sales Corp und werden mit deren Genehmigung verwendet.<\/p>\n","protected":false},"excerpt":{"rendered":"<p>Mein pers\u00f6nlicher Weg zu GYROTONIC\u00ae &#8220;Ich habe es mir zum Ziel gesetzt, mein pers\u00f6nliches Wunder mit anderen Menschen zu teilen und Ihnen mithilfe von &nbsp;GYROTONIC\u00ae wieder zu einem gesunden K\u00f6rperbewusstsein zu verhelfen&#8221; Die meisten GYROTONIC\u00ae&#8211; Trainer finden durch Ihren sportlichen<\/p>\n","protected":false},"author":1,"featured_media":0,"parent":0,"menu_order":0,"comment_status":"closed","ping_status":"closed","template":"","meta":{"footnotes":""},"class_list":["post-188","page","type-page","status-publish","hentry"],"_links":{"self":[{"href":"https:\/\/spannweite-kirchheim.de\/index.php?rest_route=\/wp\/v2\/pages\/188","targetHints":{"allow":["GET"]}}],"collection":[{"href":"https:\/\/spannweite-kirchheim.de\/index.php?rest_route=\/wp\/v2\/pages"}],"about":[{"href":"https:\/\/spannweite-kirchheim.de\/index.php?rest_route=\/wp\/v2\/types\/page"}],"author":[{"embeddable":true,"href":"https:\/\/spannweite-kirchheim.de\/index.php?rest_route=\/wp\/v2\/users\/1"}],"replies":[{"embeddable":true,"href":"https:\/\/spannweite-kirchheim.de\/index.php?rest_route=%2Fwp%2Fv2%2Fcomments&post=188"}],"version-history":[{"count":39,"href":"https:\/\/spannweite-kirchheim.de\/index.php?rest_route=\/wp\/v2\/pages\/188\/revisions"}],"predecessor-version":[{"id":985,"href":"https:\/\/spannweite-kirchheim.de\/index.php?rest_route=\/wp\/v2\/pages\/188\/revisions\/985"}],"wp:attachment":[{"href":"https:\/\/spannweite-kirchheim.de\/index.php?rest_route=%2Fwp%2Fv2%2Fmedia&parent=188"}],"curies":[{"name":"wp","href":"https:\/\/api.w.org\/{rel}","templated":true}]}}